 Let z(p) = -5*u(p) + 24*y(p). Let d be z(7). What is the greatest common divisor of 80 and d?
16
Suppose 156*o = 155*o + 2. Suppose -2*s = o*u - 308, -12*s = -7*s - 2*u - 784. What is the greatest common divisor of 48 and s?
12
Let g be (8/(-32) + 3/6)*4 + 4431. Calculate the highest common factor of g and 64.
16
Let c be (4/4*-1)/((-25)/13250). What is the highest common factor of c and 265?
265
Let l(c) = c**2 + 26*c + 116. Let m be l(-6). Let d be (3 + m)*0 - (-4 - 2). What is the highest common divisor of d and 33?
3
Let b(m) = -17 + m - 21 - 10*m + m**2 - 14. Let y be b(14). Calculate the greatest common factor of y and 66.
6
Suppose -595*z - 2*b = -592*z - 187, 0 = -z + 3*b + 77. Calculate the greatest common factor of z and 52.
13
Let z(b) = -4*b - 15. Let y = -24 - -28. Suppose -y*x = x - 5*v + 25, 4*v = -5*x - 25. Let u be z(x). Calculate the greatest common divisor of u and 45.
5
Let t = 151 + -148. Suppose -6*q + 677 = -q - k, 0 = -3*q + t*k + 399. Calculate the greatest common factor of 170 and q.
34
Suppose 260*x = -512*x + 20844. Calculate the greatest common factor of x and 1854.
9
Let q(f) = 25*f**3 - 3*f**2 - 10*f - 7. Let u be q(-2). Let d = u + 253. What is the greatest common divisor of 180 and d?
18
Let l = -2925 - -3702. What is the greatest common factor of 666 and l?
111
Let a(b) = 981*b + 6014. Let t be a(-6). Calculate the highest common factor of 360 and t.
8
Suppose -45*b - 54 + 326 = 2. Let h(c) = -c**3 + 7*c**2 + 4*c - 5. Let i be h(7). Let n = i - 5. Calculate the highest common factor of n and b.
6
Suppose 0 = -4*f - 2*a + 6*a + 36, 0 = -3*a - 12. Suppose -10 = -f*x - 0. Let c be x/(-12) - (-333)/54. What is the highest common factor of 6 and c?
6
Suppose o + 5*h = 33, -9 = -0*o - o + 3*h. Let r = -15028 - -15109. Calculate the greatest common divisor of r and o.
9
Let c(z) = z - 14. Let h be c(2). Let j be (-88)/((3/9)/(16/h)). What is the greatest common divisor of j and 32?
32
Let n = 7116 + -6606. Calculate the greatest common factor of 1680 and n.
30
Let r be (-1)/7 - ((-2943)/(-189))/((-1)/9). What is the greatest common divisor of 160 and r?
20
Let a(n) = 2*n**2 + 151*n + 2469. Let j be a(-15). Calculate the highest common divisor of j and 48.
6
Let b(o) = 220*o**3 - 95*o**2 + 98*o - 2. Let d be b(1). Calculate the greatest common factor of d and 136.
17
Suppose -5*u - 5*b - 250 = 0, -2*u - 4*b = -u + 50. Let k = u + -38. Let q = k + 97. Calculate the greatest common factor of q and 9.
9
Suppose 110*z = -35*z + 19*z + 49392. What is the greatest common divisor of z and 77?
7
Let o be 2/9 + (-18)/81. Suppose o*q = -4*q - 16, -28 = -n + 5*q. Let a be 14 + (3 + -3 - -2). What is the greatest common divisor of n and a?
8
Let b(i) = i**3 - 5*i**2 - i + 20. Let d be b(5). Let j(h) = -22*h + 343. Let z be j(d). What is the greatest common divisor of 247 and z?
13
Let p(z) = -2*z**2 + 329*z - 2349. Let l be p(157). Let s be (1/(-1) - -2)*384. Calculate the highest common divisor of s and l.
6
Suppose g = -3*s + 119 + 138, -s + 94 = 2*g. Suppose -127*a - 4*f + 96 = -125*a, -f = 0. What is the highest common factor of a and s?
12
Let i = 542 - 590. Let v(x) = 69*x**2 + x. Let s be v(-1). Let y = s + i. What is the greatest common divisor of 50 and y?
10
Let g be (-13)/((-819)/(-308))*-9. Let c be (18/4)/((-1)/(-22)). What is the highest common divisor of g and c?
11
Let j(u) = u**3 - 12*u**2 + 20*u - 23. Suppose -56*m + 40 = -51*m. Let k be j(m). Let z = k - -143. What is the highest common factor of 132 and z?
12
Suppose 2*j - 195 = -5*q + 270, 0 = 5*q - 4*j - 435. Let k = q - 47. Let p(o) = 56*o + 8. Let c be p(3). Calculate the highest common factor of c and k.
44
Suppose 253*n - 5411 = 661. Calculate the highest common factor of 1266 and n.
6
Let b = -41 - -46. Suppose -2*z = -3*r - z + 11, b*r = -4*z + 7. Let n(l) = l + 2. Let p be n(r). What is the greatest common divisor of p and 5?
5
Let r(v) = -3*v**2 + 82*v + 355. Let o be r(0). Calculate the greatest common factor of o and 35.
5
Suppose -64*z + 70*z = 600. Let t = 102 + -58. Let p = t + -39. What is the greatest common divisor of z and p?
5
Let r be 1/(((-684)/(-9450))/38). What is the highest common divisor of r and 399?
21
Let y(h) = -h**3 - 2*h**2 + 217*h + 1325. Let m be y(-6). Calculate the highest common divisor of m and 32231.
167
Let y(x) = 27*x**2 + 10*x + 29*x**2 - 2 - 55*x**2 - 73. Let u be y(-17). What is the highest common divisor of 66 and u?
22
Let l(k) = k**3 - k**2 - 4*k + 7. Let u be l(2). Let q(c) = -c**3 + 10*c + 3. Let m be q(u). What is the greatest common factor of 24 and m?
6
Let j be (-2)/(-6) - (-24)/9. Let g = -2255 - -2287. Suppose -4*x + 53 = c, -4*x - 4*c = -j*x - g. What is the highest common divisor of x and 132?
12
Suppose 0 = -5*j - c + 112, 1265*j = 1267*j + 5*c - 77. Let t be 3/8 + 1170/80. What is the highest common divisor of j and t?
3
Suppose -30*g - 38012 = -73*g. Calculate the greatest common divisor of g and 13.
13
Let f(z) = z**2 - z - 8. Let v be f(-7). Let m be -135 + 110 + 219 + -2. What is the highest common divisor of v and m?
48
Suppose 0 = 4*x - 4*q - 884, x - 4*q - 221 = -0*x. Let a = 7511 - 7494. What is the greatest common factor of x and a?
17
Suppose -3*z + 1035 = 6*z. Suppose 0 = -m + 4*m - 4*t - 142, 87 = 2*m + 5*t. What is the greatest common factor of m and z?
23
Let l(d) = 244*d - 450. Let q be l(3). Let x(t) = t**3 + 6*t**2 + 7*t. Let u be x(-3). What is the greatest common factor of u and q?
6
Let l(p) = p**3 + 4*p**2 - 3*p - 1. Let g be l(-4). Suppose z = g*z - 470. Let u be (-3 - z)*(-16)/10. Calculate the highest common divisor of 10 and u.
10
Let d = -40572 - -41977. Calculate the highest common divisor of 6463 and d.
281
Suppose 76*f = 96384 + 176912. Calculate the greatest common divisor of f and 232.
116
Let w be 100/250*1405/2. Let u = -272 + w. What is the highest common divisor of 63 and u?
9
Suppose -5*l - 6 = -11. Let z be (-2)/(-5)*(l*27 - 2). Let t be (-21 + 33)/(z/4 + -1). Calculate the highest common divisor of 12 and t.
4
Suppose z = 2*k - 9 + 109, -5*k = 5*z + 265. Let g be (18/7)/(k/(-238)). What is the highest common divisor of 204 and g?
12
Let q(w) = 2*w**2 + 168*w - 117. Let i be q(-85). Calculate the greatest common factor of 5459 and i.
53
Suppose 780*h + 48 = 796*h. Let r(n) = -n**3 - 7*n**2 + 7*n - 7. Let t be r(-8). Suppose 2*q = -t + 25. What is the highest common factor of h and q?
3
Let s(v) = -3553*v - 3328. Let g be s(-1). What is the greatest common divisor of g and 15825?
75
Let m(k) = -k**3 + 2*k**2 + 74*k - 12. Let a be m(-8). What is the greatest common factor of 4572 and a?
36
Suppose 120 = m + 4*j, 0*j - 252 = -2*m - 2*j. Let z(k) = -k**2 - 1794*k + 34455. Let f be z(19). What is the highest common factor of f and m?
8
Suppose 0*h + 7*h + 616 = 11*h. What is the highest common factor of 24024 and h?
154
Let j = -735 + 1086. Let d = -109 + j. Let q = d + -134. Calculate the highest common factor of q and 36.
36
Let g = 8524 + -7609. Calculate the greatest common factor of 60 and g.
15
Let t be (-2176)/(-52) + 12/78. Suppose -q = -2*p - 37 - 1, -p - t = -q. Calculate the highest common factor of 184 and q.
46
Let t(j) = 5*j + 1. Let p be t(1). Suppose p*x + 492 = 774. Calculate the highest common divisor of 376 and x.
47
Let j be (-2)/7 + (156/7 - 4). Suppose 0 = -b + j + 35. Suppose 27 + b = 5*r - q, -5*q + 5 = 2*r. What is the highest common factor of 15 and r?
15
Let g be 78/(-13)*(-2688)/9. What is the greatest common factor of g and 48?
16
Suppose 12*r - 2958 = -5*r. Suppose -5*g + r = 3*n, g - 479 = -5*n - 167. Let b = n + -54. What is the greatest common factor of b and 99?
9
Suppose -184058 + 151226 = -21*u + 190146. Calculate the greatest common divisor of 2 and u.
2
Let j(p) = -p**3 - p**2 + 2*p - 238. Suppose 3*v = 6*v. Let f be j(v). Let k = f - -337. What is the greatest common divisor of k and 9?
9
Suppose 3*u + 2*u = -30. Let l(f) be the first derivative of -3*f**2 - 31*f + 51. Let c be l(u). What is the highest common divisor of c and 10?
5
Let y(d) = d**3 - 78*d**2 + 137*d + 1203. Let b be y(76). Calculate the greatest common divisor of 10269 and b.
63
Let n(o) = 27*o**2 - o + 1. Let u be n(1). Let x = 44895 + -44877. What is the gr